{"id":54,"date":"2018-03-29T15:57:07","date_gmt":"2018-03-29T15:57:07","guid":{"rendered":"http:\/\/themes.webdevia.com\/backhoe-heavy-construction-equipment-rentals-machinery-wordpress-theme\/shop\/"},"modified":"2020-09-15T16:10:22","modified_gmt":"2020-09-15T14:10:22","slug":"shop","status":"publish","type":"page","link":"https:\/\/bennysrental.pl\/?page_id=54","title":{"rendered":"Nasza oferta"},"content":{"rendered":"<p>[vc_row][vc_column]<div class=\"woocommerce columns-4\"><ul class=\"products columns-4 grid\">\r\n<li class=\"product-category product first\">\n\t<a href=\"https:\/\/bennysrental.pl\/?product_cat=mlotywiertarki\"><img src=\"https:\/\/bennysrental.pl\/wp-content\/uploads\/2020\/09\/mloty_i_wiertarki-700x700.png\" alt=\"M\u0142oty i wiertarki\" width=\"700\" height=\"700\" srcset=\"https:\/\/bennysrental.pl\/wp-content\/uploads\/2020\/09\/mloty_i_wiertarki-700x700.png 700w, https:\/\/bennysrental.pl\/wp-content\/uploads\/2020\/09\/mloty_i_wiertarki-300x300.png 300w, https:\/\/bennysrental.pl\/wp-content\/uploads\/2020\/09\/mloty_i_wiertarki-150x150.png 150w, https:\/\/bennysrental.pl\/wp-content\/uploads\/2020\/09\/mloty_i_wiertarki-768x768.png 768w, https:\/\/bennysrental.pl\/wp-content\/uploads\/2020\/09\/mloty_i_wiertarki-194x194.png 194w, https:\/\/bennysrental.pl\/wp-content\/uploads\/2020\/09\/mloty_i_wiertarki-314x314.png 314w, https:\/\/bennysrental.pl\/wp-content\/uploads\/2020\/09\/mloty_i_wiertarki-600x600.png 600w, https:\/\/bennysrental.pl\/wp-content\/uploads\/2020\/09\/mloty_i_wiertarki-160x160.png 160w, https:\/\/bennysrental.pl\/wp-content\/uploads\/2020\/09\/mloty_i_wiertarki-200x200.png 200w, https:\/\/bennysrental.pl\/wp-content\/uploads\/2020\/09\/mloty_i_wiertarki.png 800w\" sizes=\"(max-width: 700px) 100vw, 700px\" \/>\t\t<h2 class=\"woocommerce-loop-category__title\">\n\t\t\tM\u0142oty i wiertarki <mark class=\"count\">(3)<\/mark>\t\t<\/h2>\n\t\t<\/a><\/li>\n<li class=\"product-category product\">\n\t<a href=\"https:\/\/bennysrental.pl\/?product_cat=pilyspawarki\"><img src=\"https:\/\/bennysrental.pl\/wp-content\/uploads\/2020\/09\/pily_i_spawarki-1-700x627.png\" alt=\"Pi\u0142y i spawarki\" width=\"700\" height=\"700\" \/>\t\t<h2 class=\"woocommerce-loop-category__title\">\n\t\t\tPi\u0142y i spawarki <mark class=\"count\">(3)<\/mark>\t\t<\/h2>\n\t\t<\/a><\/li>\n<li class=\"product-category product\">\n\t<a href=\"https:\/\/bennysrental.pl\/?product_cat=szlifierkifrezarki\"><img src=\"https:\/\/bennysrental.pl\/wp-content\/uploads\/2020\/09\/szlifierki_i_frezarki-1.png\" alt=\"Szlifierki i frezarki\" width=\"700\" height=\"700\" srcset=\"https:\/\/bennysrental.pl\/wp-content\/uploads\/2020\/09\/szlifierki_i_frezarki-1.png 420w, https:\/\/bennysrental.pl\/wp-content\/uploads\/2020\/09\/szlifierki_i_frezarki-1-300x232.png 300w\" sizes=\"(max-width: 420px) 100vw, 420px\" \/>\t\t<h2 class=\"woocommerce-loop-category__title\">\n\t\t\tSzlifierki i frezarki <mark class=\"count\">(1)<\/mark>\t\t<\/h2>\n\t\t<\/a><\/li>\n<li class=\"product-category product last\">\n\t<a href=\"https:\/\/bennysrental.pl\/?product_cat=urzadzeniasprzatajace\"><img src=\"https:\/\/bennysrental.pl\/wp-content\/uploads\/2020\/09\/urzadzenia_sprzatajace-1-700x560.png\" alt=\"Urz\u0105dzenia sprz\u0105taj\u0105ce\" width=\"700\" height=\"700\" \/>\t\t<h2 class=\"woocommerce-loop-category__title\">\n\t\t\tUrz\u0105dzenia sprz\u0105taj\u0105ce <mark class=\"count\">(6)<\/mark>\t\t<\/h2>\n\t\t<\/a><\/li>\n<li class=\"product-category product first\">\n\t<a href=\"https:\/\/bennysrental.pl\/?product_cat=zasilanietymczasowe\"><img src=\"https:\/\/bennysrental.pl\/wp-content\/uploads\/2020\/09\/zasilanie_tymczasowe-700x700.jpg\" alt=\"Zasilanie tymczasowe\" width=\"700\" height=\"700\" srcset=\"https:\/\/bennysrental.pl\/wp-content\/uploads\/2020\/09\/zasilanie_tymczasowe-700x700.jpg 700w, https:\/\/bennysrental.pl\/wp-content\/uploads\/2020\/09\/zasilanie_tymczasowe-300x300.jpg 300w, https:\/\/bennysrental.pl\/wp-content\/uploads\/2020\/09\/zasilanie_tymczasowe-150x150.jpg 150w, https:\/\/bennysrental.pl\/wp-content\/uploads\/2020\/09\/zasilanie_tymczasowe-768x768.jpg 768w, https:\/\/bennysrental.pl\/wp-content\/uploads\/2020\/09\/zasilanie_tymczasowe-194x194.jpg 194w, https:\/\/bennysrental.pl\/wp-content\/uploads\/2020\/09\/zasilanie_tymczasowe-314x314.jpg 314w, https:\/\/bennysrental.pl\/wp-content\/uploads\/2020\/09\/zasilanie_tymczasowe-800x800.jpg 800w, https:\/\/bennysrental.pl\/wp-content\/uploads\/2020\/09\/zasilanie_tymczasowe-200x200.jpg 200w, https:\/\/bennysrental.pl\/wp-content\/uploads\/2020\/09\/zasilanie_tymczasowe.jpg 1000w\" sizes=\"(max-width: 700px) 100vw, 700px\" \/>\t\t<h2 class=\"woocommerce-loop-category__title\">\n\t\t\tZasilanie tymczasowe <mark class=\"count\">(1)<\/mark>\t\t<\/h2>\n\t\t<\/a><\/li>\n<li class=\"product-category product\">\n\t<a href=\"https:\/\/bennysrental.pl\/?product_cat=wozki-paletowe-2\"><img src=\"https:\/\/bennysrental.pl\/wp-content\/uploads\/2021\/07\/paleciak3-700x624.jpg\" alt=\"W\u00f3zki paletowe\" width=\"700\" height=\"700\" \/>\t\t<h2 class=\"woocommerce-loop-category__title\">\n\t\t\tW\u00f3zki paletowe <mark class=\"count\">(1)<\/mark>\t\t<\/h2>\n\t\t<\/a><\/li>\n<li class=\"product-category product\">\n\t<a href=\"https:\/\/bennysrental.pl\/?product_cat=opalarka\"><img src=\"https:\/\/bennysrental.pl\/wp-content\/uploads\/2021\/07\/opalarka.jpg\" alt=\"Opalarki\" width=\"700\" height=\"700\" srcset=\"https:\/\/bennysrental.pl\/wp-content\/uploads\/2021\/07\/opalarka.jpg 225w, https:\/\/bennysrental.pl\/wp-content\/uploads\/2021\/07\/opalarka-150x150.jpg 150w, https:\/\/bennysrental.pl\/wp-content\/uploads\/2021\/07\/opalarka-194x194.jpg 194w, https:\/\/bennysrental.pl\/wp-content\/uploads\/2021\/07\/opalarka-160x160.jpg 160w, https:\/\/bennysrental.pl\/wp-content\/uploads\/2021\/07\/opalarka-200x200.jpg 200w\" sizes=\"(max-width: 225px) 100vw, 225px\" \/>\t\t<h2 class=\"woocommerce-loop-category__title\">\n\t\t\tOpalarki <mark class=\"count\">(1)<\/mark>\t\t<\/h2>\n\t\t<\/a><\/li>\n<li class=\"product-category product last\">\n\t<a href=\"https:\/\/bennysrental.pl\/?product_cat=ozonatory\"><img src=\"https:\/\/bennysrental.pl\/wp-content\/uploads\/2021\/07\/ozonator-700x700.jpg\" alt=\"Ozonatory\" width=\"700\" height=\"700\" srcset=\"https:\/\/bennysrental.pl\/wp-content\/uploads\/2021\/07\/ozonator-700x700.jpg 700w, https:\/\/bennysrental.pl\/wp-content\/uploads\/2021\/07\/ozonator-300x300.jpg 300w, https:\/\/bennysrental.pl\/wp-content\/uploads\/2021\/07\/ozonator-150x150.jpg 150w, https:\/\/bennysrental.pl\/wp-content\/uploads\/2021\/07\/ozonator-768x768.jpg 768w, https:\/\/bennysrental.pl\/wp-content\/uploads\/2021\/07\/ozonator-194x194.jpg 194w, https:\/\/bennysrental.pl\/wp-content\/uploads\/2021\/07\/ozonator-314x314.jpg 314w, https:\/\/bennysrental.pl\/wp-content\/uploads\/2021\/07\/ozonator-600x600.jpg 600w, https:\/\/bennysrental.pl\/wp-content\/uploads\/2021\/07\/ozonator-160x160.jpg 160w, https:\/\/bennysrental.pl\/wp-content\/uploads\/2021\/07\/ozonator-800x800.jpg 800w, https:\/\/bennysrental.pl\/wp-content\/uploads\/2021\/07\/ozonator-200x200.jpg 200w, https:\/\/bennysrental.pl\/wp-content\/uploads\/2021\/07\/ozonator.jpg 1024w\" sizes=\"(max-width: 700px) 100vw, 700px\" \/>\t\t<h2 class=\"woocommerce-loop-category__title\">\n\t\t\tOzonatory <mark class=\"count\">(1)<\/mark>\t\t<\/h2>\n\t\t<\/a><\/li>\n<li class=\"product-category product first\">\n\t<a href=\"https:\/\/bennysrental.pl\/?product_cat=glebogryzarki-2\"><img src=\"https:\/\/bennysrental.pl\/wp-content\/uploads\/2021\/07\/14-700x700.jpg\" alt=\"Glebogryzarki\" width=\"700\" height=\"700\" srcset=\"https:\/\/bennysrental.pl\/wp-content\/uploads\/2021\/07\/14-700x700.jpg 700w, https:\/\/bennysrental.pl\/wp-content\/uploads\/2021\/07\/14-150x150.jpg 150w, https:\/\/bennysrental.pl\/wp-content\/uploads\/2021\/07\/14-194x194.jpg 194w, https:\/\/bennysrental.pl\/wp-content\/uploads\/2021\/07\/14-314x314.jpg 314w, https:\/\/bennysrental.pl\/wp-content\/uploads\/2021\/07\/14-200x200.jpg 200w\" sizes=\"(max-width: 700px) 100vw, 700px\" \/>\t\t<h2 class=\"woocommerce-loop-category__title\">\n\t\t\tGlebogryzarki <mark class=\"count\">(1)<\/mark>\t\t<\/h2>\n\t\t<\/a><\/li>\n<li class=\"product-category product\">\n\t<a href=\"https:\/\/bennysrental.pl\/?product_cat=przedluzacze-2\"><img src=\"https:\/\/bennysrental.pl\/wp-content\/uploads\/2021\/10\/2-700x700.jpg\" alt=\"Przed\u0142u\u017cacze\" width=\"700\" height=\"700\" srcset=\"https:\/\/bennysrental.pl\/wp-content\/uploads\/2021\/10\/2-700x700.jpg 700w, https:\/\/bennysrental.pl\/wp-content\/uploads\/2021\/10\/2-150x150.jpg 150w, https:\/\/bennysrental.pl\/wp-content\/uploads\/2021\/10\/2-194x194.jpg 194w, https:\/\/bennysrental.pl\/wp-content\/uploads\/2021\/10\/2-314x314.jpg 314w, https:\/\/bennysrental.pl\/wp-content\/uploads\/2021\/10\/2-200x200.jpg 200w\" sizes=\"(max-width: 700px) 100vw, 700px\" \/>\t\t<h2 class=\"woocommerce-loop-category__title\">\n\t\t\tPrzed\u0142u\u017cacze <mark class=\"count\">(1)<\/mark>\t\t<\/h2>\n\t\t<\/a><\/li>\n<li class=\"product-category product\">\n\t<a href=\"https:\/\/bennysrental.pl\/?product_cat=osuszacze-2\"><img src=\"https:\/\/bennysrental.pl\/wp-content\/uploads\/2021\/11\/2-700x700.jpg\" alt=\"Osuszacze\" width=\"700\" height=\"700\" srcset=\"https:\/\/bennysrental.pl\/wp-content\/uploads\/2021\/11\/2-700x700.jpg 700w, https:\/\/bennysrental.pl\/wp-content\/uploads\/2021\/11\/2-300x300.jpg 300w, https:\/\/bennysrental.pl\/wp-content\/uploads\/2021\/11\/2-150x150.jpg 150w, https:\/\/bennysrental.pl\/wp-content\/uploads\/2021\/11\/2-768x768.jpg 768w, https:\/\/bennysrental.pl\/wp-content\/uploads\/2021\/11\/2-194x194.jpg 194w, https:\/\/bennysrental.pl\/wp-content\/uploads\/2021\/11\/2-314x314.jpg 314w, https:\/\/bennysrental.pl\/wp-content\/uploads\/2021\/11\/2-600x600.jpg 600w, https:\/\/bennysrental.pl\/wp-content\/uploads\/2021\/11\/2-160x160.jpg 160w, https:\/\/bennysrental.pl\/wp-content\/uploads\/2021\/11\/2-800x800.jpg 800w, https:\/\/bennysrental.pl\/wp-content\/uploads\/2021\/11\/2-200x200.jpg 200w, https:\/\/bennysrental.pl\/wp-content\/uploads\/2021\/11\/2.jpg 1000w\" sizes=\"(max-width: 700px) 100vw, 700px\" \/>\t\t<h2 class=\"woocommerce-loop-category__title\">\n\t\t\tOsuszacze <mark class=\"count\">(1)<\/mark>\t\t<\/h2>\n\t\t<\/a><\/li>\n<\/ul>\n<\/div>[\/vc_column][\/vc_row]<\/p>\n","protected":false},"excerpt":{"rendered":"<p>[vc_row][vc_column][\/vc_column][\/vc_row]<\/p>\n","protected":false},"author":1,"featured_media":0,"parent":0,"menu_order":0,"comment_status":"closed","ping_status":"closed","template":"","meta":[],"_links":{"self":[{"href":"https:\/\/bennysrental.pl\/index.php?rest_route=\/wp\/v2\/pages\/54"}],"collection":[{"href":"https:\/\/bennysrental.pl\/index.php?rest_route=\/wp\/v2\/pages"}],"about":[{"href":"https:\/\/bennysrental.pl\/index.php?rest_route=\/wp\/v2\/types\/page"}],"author":[{"embeddable":true,"href":"https:\/\/bennysrental.pl\/index.php?rest_route=\/wp\/v2\/users\/1"}],"replies":[{"embeddable":true,"href":"https:\/\/bennysrental.pl\/index.php?rest_route=%2Fwp%2Fv2%2Fcomments&post=54"}],"version-history":[{"count":4,"href":"https:\/\/bennysrental.pl\/index.php?rest_route=\/wp\/v2\/pages\/54\/revisions"}],"predecessor-version":[{"id":5444,"href":"https:\/\/bennysrental.pl\/index.php?rest_route=\/wp\/v2\/pages\/54\/revisions\/5444"}],"wp:attachment":[{"href":"https:\/\/bennysrental.pl\/index.php?rest_route=%2Fwp%2Fv2%2Fmedia&parent=54"}],"curies":[{"name":"wp","href":"https:\/\/api.w.org\/{rel}","templated":true}]}}